?
12
Let f be 3 - (-2 - (3 + -1)). Let k = -5 + f. Suppose -k*v + 123 = v. What is the remainder when v is divided by 11?
8
Suppose -15 = -3*v + 15. What is the remainder when 37 is divided by v?
7
Let d = 24 - 5. Calculate the remainder when 92 is divided by d.
16
Suppose 4*m - 32 = 76. Let d(q) = q**2 - 4*q - 5. What is the remainder when m is divided by d(6)?
6
Suppose -8*l = -55 - 65. What is the remainder when 28 is divided by l?
13
Suppose 6*d = d + 205. Suppose -3*s = 4*r - d, -r - r = s - 21. Suppose -x + 5*c + 3 = -r, 4*c = x - 17. Calculate the remainder when x is divided by 15.
14
Let s(a) = -a**3 - 4*a**2 + 5*a. Let z be s(-5). Suppose -m + 19 = -z*m. Suppose -28 = 3*o - 7*o. What is the remainder when m is divided by o?
5
Let p(t) = 10*t - 179. Suppose 4*h = 4 - 0. What is the remainder when h is divided by p(18)?
0
Suppose 3*y = 10 - 1. What is the remainder when (-4)/12 - (-25)/y is divided by 3?
2
Suppose 16*t + 21 = 17*t. Calculate the remainder when t is divided by 5.
1
Suppose -3*g = -5*n - 172, 5*g - 297 = -n - n. Let t = -196 + 211. Calculate the remainder when g is divided by t.
14
Let d = 15 - 2. Calculate the remainder when 64 is divided by d.
12
Calculate the remainder when 15 is divided by (0 + -1)/((-4 + 3)/9).
6
Let j(v) = v**2 - v - 1. Let k be 0/2 + 0 + -1. Calculate the remainder when j(k) is divided by 1.
0
Let p(u) = 10*u - 6. Suppose -2*v = 3*b - 40, -2*b + 2*v - 12 = -32. Calculate the remainder when p(4) is divided by b.
10
Let w = 46 + -30. Let b = 4 + 1. Let a = w - b. Calculate the remainder when 31 is divided by a.
9
Let q = 86 + -32. What is the remainder when q is divided by 1 + 0 - (1 - 14)?
12
Suppose 3*y = -13 + 4. Calculate the remainder when 1*y*(-6)/2 is divided by 4.
1
Let p(f) = 62*f - 10. Let h(v) = -21*v + 3. Let a(y) = -7*h(y) - 2*p(y). Let x be (-1)/(-2) - (-3)/6. Calculate the remainder when a(x) is divided by 12.
10
Let j = 2 + 1. Suppose 2*k = -j*z + 2*z - 1, 4*z + 4*k - 12 = 0. Suppose -r + z + 0 = 0. Calculate the remainder when 19 is divided by r.
5
Let u = -1 - 2. Let b(j) = -j**3 - j**2 + 7. What is the remainder when b(u) is divided by 7?
4
Let i(f) = -f**3 + 10*f**2 + 16*f - 7. Calculate the remainder when i(11) is divided by 25.
23
Let x(t) = t**3 + 3*t**2 - 3*t + 4. Let c be x(-4). Calculate the remainder when c - -1 - 36/(-12) is divided by 3.
1
Let v(j) = -7*j**3 + j**2. Suppose 3 - 7 = 2*n. Calculate the remainder when n/(0 - 4/46) is divided by v(-1).
7
Let q = -30 + 59. Calculate the remainder when 56 is divided by q.
27
Let c(b) = -2*b**3 - 3*b**2 + b. Let m(l) = -l**3 + 7*l**2 + 10*l - 12. Let t be m(8). Let i = t - 7. Calculate the remainder when c(i) is divided by 13.
11
Let c be 2/9 - (-208)/36. Let g = -6 - c. Let v = 22 - g. What is the remainder when v is divided by 12?
10
Suppose -196 = -6*u + 272. What is the remainder when u is divided by 16?
14
Suppose 0*v - 5*v + 10 = 0. Suppose v*p + 16 = 4*p. Suppose -1 = -3*o + p. What is the remainder when o is divided by 1?
0
Suppose -5*j + 2*u = -j - 52, 0 = -3*j + u + 37. Calculate the remainder when (-12)/(-18) - (-188)/6 is divided by j.
10
Let b(a) = -a**3 - 3*a**2 - 7*a. Let x(q) = 2*q**2 + 6*q + 1. Let c(i) = 2*b(i) + 3*x(i). Calculate the remainder when c(-2) is divided by 3.
2
Let t(c) = -c**3 + 5*c**2 + 6*c - 4. Calculate the remainder when t(5) is divided by (6/1)/(66/154).
12
Let q(x) = x**2 + 3. Suppose 0*a + 5*h + 12 = -a, 2*h + 15 = 3*a. What is the remainder when (-1)/((-3)/96) - -2 is divided by q(a)?
10
Let n be 77/(-5) - (-2)/5. Let d = n - -55. What is the remainder when d is divided by 21?
19
Suppose -4*z - 2*k + 32 = 0, 4*k + 4 = 2*k. Let d = z - 16. What is the remainder when 35 is divided by 12/d*(-1 - 6)?
11
Suppose 2*c - 39 = -9. Suppose 0 = 4*f - 18 + 6. What is the remainder when -5 + f + (0 - -31) is divided by c?
14
Suppose 4*q - 3*a - 116 = 0, 4*a + 85 = 4*q - 35. What is the remainder when 102 is divided by q?
24
Suppose 2*t - 4 = 0, 2*w - 3*t - 9 = 13. What is the remainder when 53 is divided by w?
11
Suppose 4*h - 4*m = 60, 5*h + m - 3*m - 78 = 0. Calculate the remainder when 28 is divided by h.
12
Suppose -3*h = -c - 6 + 1, -h = 3*c - 35. Calculate the remainder when 16 is divided by c.
6
Let x(f) = -7*f - 12*f - 1 - 2. Let w(g) = -2*g + 2. What is the remainder when x(-1) is divided by w(-2)?
4
Let l = 233 + -138. Calculate the remainder when l is divided by 24.
23
Let x be (32/24)/((-4)/30). What is the remainder when 12/x*(-150)/12 is divided by 9?
6
Let s(v) = 2*v**2 - 10*v + 3. Let g be s(5). Suppose 3 = -u + w, -2*u - 2*w = 2*u. Calculate the remainder when 10 is divided by (-5)/u - (-4 + g).
4
Let b(q) = q + 15. Calculate the remainder when 13 is divided by b(-12).
1
Suppose 4*j - 2*j - 4 = 0. Calculate the remainder when 47 + (-2)/j*1 is divided by 1*13 + (29 - 26).
14
Suppose 5*o + 17 + 5 = 2*c, 4 = 4*c. What is the remainder when 35 is divided by 2*5 + o/(-2)?
11
Suppose 3*n = -2*n. Let a = n + 0. What is the remainder when 31 is divided by -2 - (-13 - (0 + a))?
9
Let u(s) = -s**3 + 6*s**2 - 5*s - 2. Let b = -3 - -7. Calculate the remainder when 28 is divided by u(b).
8
Suppose 5*r - 8*h = -3*h, -4*h = 0. Suppose r = c - 4*c + 105. What is the remainder when c is divided by 19?
16
Let m be (-1 - -4) + 3*-1. Suppose m = -4*p + 55 + 9. What is the remainder when 30 is divided by p?
14
Let o(w) = -6*w + 6. What is the remainder when o(-8) is divided by 28?
26
Let n be (14/(-6) + 2)*-3. Suppose -i - 5*w = 3, 3*w - n = -i - 2. Suppose 51 = i*s + s. Calculate the remainder when 49 is divided by s.
15
Let g = 3 + -1. Suppose 0 = -5*b - 4*c + 204, -c - g*c - 12 = 0. Suppose -4*n + 55 = -5. Calculate the remainder when b is divided by n.
14
Let s(v) = 10*v**2 - v - 8. Calculate the remainder when 98 is divided by s(-2).
30
Suppose 6*k - 285 = -13*k. Calculate the remainder when 133 is divided by k.
13
Suppose -3*t = -28 - 32. Calculate the remainder when 76 is divided by t.
16
Let f be (-28)/(-10) + 2/10. Suppose -f*j + 0*j = -9. Calculate the remainder when 10 is divided by j.
1
Let f(a) = a + 2. Let m(c) = 1. Let j(o) = -f(o) - 4*m(o). Let z be j(-5). Calculate the remainder when ((-104)/4)/(z*1) is divided by 14.
12
Let u(h) = h**3 - 10*h**2 - 10*h - 9. Let x be -20*2/(-4) + 1. Let d(a) = -a + 3. Calculate the remainder when d(0) is divided by u(x).
1
Let w(t) = t**3 - 8*t**2 - 7*t - 12. Let s be w(9). Let l(i) = -2*i**2 - s*i**2 + 7*i + i**3 + 2*i + 1 + 0. What is the remainder when l(7) is divided by 6?
3
What is the remainder when 13 - (2 - 2 - 0) is divided by 13?
0
Let b be (-175)/(-21) - (-1)/(-3). Let x = 39 - b. What is the remainder when x is divided by 11?
9
Let s(z) = z - 4. Let u be 0 + (-1)/1*-6. Let f = 45 + -42. What is the remainder when f is divided by s(u)?
1
Suppose -n - 2*n = -72. Suppose 4*r - 9 = 3. Suppose -3*s = -n + r. Calculate the remainder when 20 is divided by s.
6
Let q = -12 + 6. Let a = 8 + q. Suppose -5*l + 3 = -2. Calculate the remainder when a is divided by l.
0
Suppose -4*z + 100 = 4*p, -58 = -p + 3*z - 17. Suppose -h = -2*h - 2, 2*g = -2*h + 18. Let j = 21 - g. Calculate the remainder when p is divided by j.
9
Let g = -2 + 3. Suppose -3*w + 4 = -r - 4, 4*w - r = 11. Suppose -1 + 4 = w*j. What is the remainder when g is divided by j?
0
Let j(m) = m + 3*m - 2 + 1 + 0. What is the remainder when j(8) is divided by 11?
9
Let q = 21 + -5. What is the remainder when 61 is divided by q?
13
Suppose -j - 1 = -12. Calculate the remainder when 41 is divided by j.
8
Calculate the remainder when 27 is divided by (18/(-24))/(2/(-16)).
3
Suppose 2*r = 24 + 16. Suppose 190 = 5*w - 7*q + 2*q, 5*w - 183 = -2*q. Calculate the remainder when w is divided by r.
17
Let k = 21 - 9. Let j be -1 + 3 - 1/1. Let z = k - j. Calculate the remainder when z is divided by 7.
4
Suppose 0 = 5*v + o - 4*o - 64, 0 = 2*v - 2*o - 24. What is the remainder when 54 is divided by v?
12
Suppose 2*d + 5*i = d + 40, i = 5*d - 96. What is the remainder when 71 is divided by d?
11
Let l(r) = r**2 + 3*r + 9. What is the remainder when 55 is divided by l(-5)?
17
Suppose -h + 6 = -2*h. Let j = h + -1. Let r(s) = -s**3 - 8*s**2 - 9*s - 5. What is the remainder when 25 is divided by r(j)?
7
Le